{"id":11,"date":"2021-08-19T06:26:53","date_gmt":"2021-08-19T06:26:53","guid":{"rendered":"https:\/\/lassivaltonen.eclipsemusic.fi\/blog\/?page_id=11"},"modified":"2021-08-24T06:16:31","modified_gmt":"2021-08-24T06:16:31","slug":"biografia","status":"publish","type":"page","link":"https:\/\/lassivaltonen.eclipsemusic.fi\/blog\/","title":{"rendered":"Lassi Valtonen"},"content":{"rendered":"\n<p><strong>Idols -ohjelman viidennelt\u00e4 kaudelta koko kansan tietoisuuteen noussut laulaja-lauluntekij\u00e4 Lassi Valtonen julkaisi kolmannen albuminsa &#8221;Sosiaalinen panttivanki&#8221; huhtikuussa 2021. Kaksi ensimm\u00e4ist\u00e4 albumiaan major-levy-yhti\u00f6ll\u00e4 julkaissut Valtonen siirtyi kolmannen albuminsa my\u00f6t\u00e4 indie-levy-yhti\u00f6iden k\u00e4rkikaartia edustavan Eclipse Musicin artistiksi.<\/strong><\/p>\n\n\n\n<p><strong>&#8221;Sosiaalinen panttivanki&#8221; on t\u00e4ysin Valtosen omaa k\u00e4sialaa ja h\u00e4nen t\u00e4h\u00e4n menness\u00e4 oma\u00e4\u00e4nisin julkaisunsa. <\/strong><em><strong>Esikoisalbumillaan vuonna 2011 kultaa myynyt Valtonen on laulajana kolmannella studioalbumillaan entist\u00e4 vakuuttavampi tulkitsija. Uudet kappaleet ovat syntyneet rohkeasti independent-tuotantona, ja albumin \u00e4\u00e4nimaailma muistuttaakin vahvasti maailmanmaiseeseen nouseen Jose Gonzalesin &#8221;Veneer&#8221; -albumin kotistudio-soundia.<\/strong><\/em><\/p>\n\n\n\n<p>Albumilta lohkaistu avaussingle &#8221;Syvyyksiin&#8221; nousi julkaisuviikollaan useille soittolistoille Spotifyssa ja Apple Musicissa. Samoin teki my\u00f6s toinen single &#8221;Heikkatie&#8221; sek\u00e4 &#8221;Kuuletko?&#8221;-kappale, josta tehty remix yhteisty\u00f6ss\u00e4 Uusi Fantasian kanssa on ollut menestys soittolistoilla ja radiossa.<\/p>\n\n\n\n<p>Valtosen esikoisalbumi myi kultaa vuonna 2011 ja oli samana vuonna my\u00f6s Emma-ehdokkaana.<\/p>\n","protected":false},"excerpt":{"rendered":"<p>Idols -ohjelman viidennelt\u00e4 kaudelta koko kansan tietoisuuteen noussut laulaja-lauluntekij\u00e4 Lassi Valtonen julkaisi kolmannen albuminsa &#8221;Sosiaalinen panttivanki&#8221; huhtikuussa 2021. Kaksi ensimm\u00e4ist\u00e4 albumiaan major-levy-yhti\u00f6ll\u00e4 julkaissut Valtonen siirtyi kolmannen albuminsa my\u00f6t\u00e4 indie-levy-yhti\u00f6iden k\u00e4rkikaartia&hellip;<a href=\"https:\/\/lassivaltonen.eclipsemusic.fi\/blog\/\" class=\"more-link\"><span class=\"more-button\">Continue reading<span class=\"screen-reader-text\">Lassi Valtonen<\/span><\/span><\/a><\/p>\n","protected":false},"author":1,"featured_media":0,"parent":0,"menu_order":0,"comment_status":"closed","ping_status":"closed","template":"","meta":[],"_links":{"self":[{"href":"https:\/\/lassivaltonen.eclipsemusic.fi\/blog\/wp-json\/wp\/v2\/pages\/11"}],"collection":[{"href":"https:\/\/lassivaltonen.eclipsemusic.fi\/blog\/wp-json\/wp\/v2\/pages"}],"about":[{"href":"https:\/\/lassivaltonen.eclipsemusic.fi\/blog\/wp-json\/wp\/v2\/types\/page"}],"author":[{"embeddable":true,"href":"https:\/\/lassivaltonen.eclipsemusic.fi\/blog\/wp-json\/wp\/v2\/users\/1"}],"replies":[{"embeddable":true,"href":"https:\/\/lassivaltonen.eclipsemusic.fi\/blog\/wp-json\/wp\/v2\/comments?post=11"}],"version-history":[{"count":5,"href":"https:\/\/lassivaltonen.eclipsemusic.fi\/blog\/wp-json\/wp\/v2\/pages\/11\/revisions"}],"predecessor-version":[{"id":49,"href":"https:\/\/lassivaltonen.eclipsemusic.fi\/blog\/wp-json\/wp\/v2\/pages\/11\/revisions\/49"}],"wp:attachment":[{"href":"https:\/\/lassivaltonen.eclipsemusic.fi\/blog\/wp-json\/wp\/v2\/media?parent=11"}],"curies":[{"name":"wp","href":"https:\/\/api.w.org\/{rel}","templated":true}]}}